3*h - 1. Let g be t(4). Suppose -2640 = -g*v + v. Calculate the greatest common factor of v and 24.
24
Let q(k) = k**3 + 4*k**2 - 5*k - 4. Let g be q(-4). Let t be ((-12)/(-8))/(3/(-4)). Let d be 4 - 228/(t + -1). Calculate the greatest common factor of g and d.
16
Let c = 421 - 250. What is the highest common factor of c and 38?
19
Let r(f) = -18*f + 420. Let w be r(17). What is the greatest common factor of 18 and w?
6
Let p be 2*2 + 11/11 + 116. Calculate the greatest common divisor of 55 and p.
11
Suppose 0 = -2*c + 3*k - 29, -7*c - 2*k = -3*c + 34. Let n = c - -10. Suppose n*y = 3*y - 162. What is the greatest common divisor of y and 6?
6
Suppose 697*a = 672*a + 3325. What is the highest common factor of 2527 and a?
133
Suppose 2350 = -5*j - 5*j. Let t be (-7)/2*(5 + j/35). What is the highest common factor of t and 78?
6
Suppose -d = 5*k - 5, 2*d = 5*k + 4*d. Let l = 0 + k. Suppose -x - l = -2*x. What is the highest common factor of 3 and x?
1
Let c = 1682 - 368. Calculate the highest common divisor of 18 and c.
18
Let k(s) be the first derivative of s**2/2 - 17*s + 3. Let r be k(7). Let x be (-162)/r - 2/10. What is the highest common divisor of x and 8?
8
Let i = 77 - 41. Calculate the highest common divisor of i and 9.
9
Let n(k) = 2*k**3 + 26*k**2 + k - 2. Let h be n(-13). Let d = h - -28. Calculate the greatest common divisor of 91 and d.
13
Suppose 10*z = 11*z - 5*f - 8, 0 = 5*z - 5*f - 60. Calculate the greatest common factor of z and 2041.
13
Let r be 6/21 + 1476/126. Calculate the highest common divisor of r and 54.
6
Let h be 420/105 - (-5 - 0). Calculate the greatest common divisor of 423 and h.
9
Let y = -22 - -28. Suppose 0 = -4*c - y*c + 180. Calculate the greatest common divisor of 9 and c.
9
Let m be (54 - 75)/(3/(-5)). What is the greatest common divisor of m and 2835?
35
Suppose 0 = w - 3*w + 550. Let u = -41 - -66. What is the greatest common factor of u and w?
25
Let c(g) = 3*g**2 + 4*g + 2. Let m be c(-2). Suppose -m*r + 2*r + 29 = -5*y, -y = -3. Let t = 32 + -21. Calculate the highest common factor of t and r.
11
Let f be ((-6)/(-3))/((-119)/(-35) + -3). Calculate the highest common factor of f and 11.
1
Let g(m) = 63*m**3 - m**2 - 3*m + 1. Let y be g(2). Let b = -287 + y. Calculate the highest common factor of 16 and b.
16
Suppose -4*d - 4*a + 140 = 0, -18*d + 4*a + 130 = -13*d. What is the highest common factor of d and 310?
10
Suppose 18*n = 14*n + 192. Suppose 3*q - 48 = -4*p - 2*q, -48 = -4*p + q. What is the greatest common factor of n and p?
12
Let z be -1 + 3 + 2 - -38. Let r = -24 + z. Let k be 1*-12*(-18)/4. What is the highest common factor of k and r?
18
Let j be (-9)/(-6) + 7/(-2). Let x = j + 6. Suppose 2*g - 8 = 32. What is the greatest common factor of g and x?
4
Suppose 5*w + 12 = 2. Let a be w - (-456)/15 - (-4)/(-10). Let b = -96 - -138. What is the highest common divisor of a and b?
14
Suppose -4*h + 342 + 158 = 0. Calculate the highest common factor of 175 and h.
25
Let l = -1 + -36. Let p = 61 + l. What is the greatest common factor of 120 and p?
24
Let w be (-3)/2 + 267/2. Let u be (-2)/(-1) + w/4. Let d(q) = q**2 - 5*q - 9. Let p be d(7). What is the highest common factor of u and p?
5
Suppose -1514 - 1384 = -7*b. What is the greatest common divisor of 36 and b?
18
Let n be ((-45)/90)/(1/(-96)). Calculate the greatest common factor of 160 and n.
16
Suppose -2*b + 5*y = -197, -1 = y - 0. What is the highest common divisor of 1184 and b?
32
Let z = -28 + 62. Suppose -5*r + 427 = 2*q, -r + 89 = -0*r + 4*q. What is the highest common divisor of z and r?
17
Let r(l) = -l**2 + 4*l + 3. Let h be r(3). Suppose -h = -4*j + 2. Let z be 206 - j/((-2)/(-3)). What is the greatest common factor of z and 29?
29
Suppose -60 = -5*i - 2*q, 5*i - 39 = 2*q + 21. Calculate the highest common divisor of i and 102.
6
Suppose 2*j - 43 - 157 = 0. Suppose 9*o - 4*o = j. Calculate the greatest common divisor of o and 60.
20
Let k = 14 - -426. Calculate the highest common factor of k and 20.
20
Suppose -2*h + z + 122 = 0, -2*h + 104 - 2 = 4*z. Calculate the greatest common factor of 2 and h.
1
Suppose w + 57*k - 1640 = 61*k, 0 = -w + 5*k + 1637. Calculate the greatest common divisor of w and 118.
118
Let x(n) = 33*n**2 + 4*n + 5. Let v be x(1). Suppose -36 = -k + 69. Calculate the highest common divisor of k and v.
21
Let t be 64/(-36) + (-2)/9. Let a be 2 + -1 + (-22)/t. Let x = a + -7. Calculate the highest common factor of 5 and x.
5
Let p(f) = 0*f - 3*f + 1 + 0*f. Let t(h) = -3*h. Let k(x) = 4*p(x) - 5*t(x). Let i be k(3). Calculate the greatest common factor of i and 104.
13
Let x = -14 + 16. Suppose x*n - n - 4 = 0. Let k be (-1040)/(-24) - n/(-6). Calculate the greatest common divisor of k and 4.
4
Let w(r) = 18 + 7*r - 6*r - 21. Let f be 13/3 + (-16)/(-24). Let m be w(f). Calculate the greatest common factor of 2 and m.
2
Suppose 2*h - b - 2*b - 1131 = 0, -4*b = 3*h - 1654. Calculate the greatest common divisor of h and 18.
18
Let u be (3 + (-12)/16)*12. Suppose -y + 25 = -6*y, -2*w - 5*y = -u. Let p = -15 + w. Calculate the greatest common factor of p and 99.
11
Suppose 0*q - 392 = -4*q. Let w be 3/(-24) - q/(-16). Suppose 10*m - 576 = w*m. Calculate the greatest common factor of 16 and m.
16
Suppose 3*s + 5*p = 197, -2*p + 5 = 3*p. Calculate the greatest common factor of 96 and s.
32
Suppose -3*d = 5*r - 10*r - 614, 2*d + r - 392 = 0. Suppose -3*i - 45 = -3*s, -2*s = -s + i - 21. What is the highest common divisor of s and d?
18
Let c(o) be the second derivative of o**5/20 - 4*o**4/3 + 17*o**3/3 - 21*o**2/2 - 5*o. Let n be c(14). Calculate the highest common divisor of 7 and n.
7
Suppose -5*o + o = 2*z - 74, -48 = -3*o - 3*z. Suppose -3*r + 6 - 27 = 0. Let i = r + o. Calculate the highest common divisor of i and 70.
14
Let f be ((-118)/6)/(-1) - (-116)/(-174). Calculate the highest common factor of f and 1.
1
Let z(v) = v + 4. Let p(a) = -3*a - 11. Let k(q) = -2*p(q) - 7*z(q). Suppose 70 = -10*o + 3*o. Let j be k(o). Calculate the greatest common factor of j and 4.
4
Let y(x) = 6*x - 138. Let w be y(43). What is the highest common divisor of w and 150?
30
Suppose 2*z = -z + 3, 0 = n - z - 25. Suppose s + 70 = b, -2*b = -7*s + 2*s - 155. Calculate the highest common divisor of n and b.
13
Let t(k) = -4*k**2 + k + 70. Let w be t(0). Suppose 21*l = 16*l + w. What is the greatest common factor of 49 and l?
7
Suppose 60 = -7*x + 95. What is the greatest common factor of 5 and x?
5
Let g = -121 - -233. Let m(s) = -12*s - 8. Let a be m(-2). Calculate the highest common factor of g and a.
16
Suppose c + 6 = 5*o + 2*c, 4*c = -4*o - 8. What is the highest common divisor of 214 and o?
2
Let y(p) be the first derivative of -p**4/4 + p**3/3 + p**2/2 + 10*p + 24. Let c be y(-5). Calculate the greatest common divisor of 31 and c.
31
Suppose 6681 - 6618 = 9*h. Calculate the greatest common divisor of h and 2149.
7
Let s = 455 - 135. Calculate the greatest common divisor of s and 40.
40
Let n be (-6)/(30/25) - -3. Suppose -12 = 5*y + 63. Let m be n - 0 - (-1 + y). Calculate the highest common factor of m and 154.
14
Let x = -7 - 68. Suppose 0 = 47*a - 4567 - 368. Let j = a + x. Calculate the greatest common factor of 45 and j.
15
Let w = 463 + -415. Let a = 55 + -93. Let q = -26 - a. Calculate the highest common divisor of w and q.
12
Suppose v + 4 = 6. Suppose 0 = -v*c + 4*c - 60. Suppose 3*j - c = i, -3*i = -0*j - 4*j + 35. What is the greatest common factor of 1 and j?
1
Let u(y) = -y**3 - y**2 + 113. Let s be u(0). Suppose -5*v + 10*t = 6*t + 385, -5*t = 4*v + 267. Let r = s + v. What is the greatest common divisor of 20 and r?
20
Suppose -76*m + 528 = -74*m. Suppose -o = -3*r - 30, 3*o - 8*o + 116 = 2*r. Calculate the highest common factor of m and o.
24
Let x = -84 - -83. Let i be (2*15 - (0 + x)) + -4. Let r = 22 - 4. What is the highest common divisor of r and i?
9
Suppose -3*d + 3*m - 51 = 0, 0 = -d + 3*m + 2 - 13. Let x = d - -24. What is the highest common factor of 16 and x?
4
Suppose 2*m - d = 6 + 1, -2*d = -m - 4. Suppose m*j + 384 = 2*j. Let v be j/(-9)*(-6)/(-4). What is the greatest common factor of v and 32?
16
Suppose -4*z = 3*n, 37 = 4*z - 4*n + 9. What is the greatest common divisor of 219 and z?
3
Le